 103. What is r(-17)?
-1633
Let s(k) = k**3 - 55*k**2 - 94*k - 1637. Determine s(57).
-497
Let c(y) = -2163*y**2 - 351*y - 2. Calculate c(-1).
-1814
Let h(n) = -n**3 - 24*n**2 - 44*n + 100. What is h(-20)?
-620
Let d(v) = -v**3 - 14*v**2 - 1030*v - 14536. Give d(-14).
-116
Let s(v) = -1599*v - 13927. Give s(-9).
464
Let h(q) = -q**2 - 41889*q - 209428. What is h(-5)?
-8
Let d(g) = -g**3 - 15*g**2 - 41*g + 260. Determine d(-12).
320
Let g(f) = 5*f**2 - 726*f + 870. What is g(144)?
6
Let l(a) = 2*a**3 - 65*a**2 - 178*a + 127. Give l(35).
22
Let h(a) = 5734*a - 206432. Calculate h(36).
-8
Let c(m) = m**3 - 99*m**2 - 184*m - 1935. Give c(101).
-117
Let g(k) = k**3 - 29*k**2 - 22*k - 17. Give g(31).
1223
Let m(t) = -t**3 - 330*t**2 - 11352*t - 3. What is m(-39)?
114
Let w(m) = -15*m**2 - 452*m - 1970. Give w(-25).
-45
Let l(y) = -y**2 + 11589*y - 162063. Determine l(14).
-13
Let f(q) = 4*q**3 - 968*q**2 + 20932*q - 95. Determine f(24).
1
Let x(i) = -25*i**2 - 25*i + 155. Determine x(3).
-145
Let x(r) = 99*r - 4064. Determine x(26).
-1490
Let d(y) = -y**2 + 177*y + 14828. What is d(-62)?
10
Let l(h) = -9*h**2 - 1208*h + 102066. Calculate l(-193).
-31
Let t(q) = 29*q**3 + 31*q**2 - 111*q - 35. Calculate t(4).
1873
Let a(g) = g**3 + 3*g**2 + 59*g + 400. Give a(-6).
-62
Let y(s) = -s**2 - 173*s + 10412. What is y(-220)?
72
Let c(a) = -83731*a - 83827. Determine c(-1).
-96
Let m(v) = 578*v - 21382. Give m(37).
4
Let z(l) = -l**3 + 64*l**2 - 1263*l + 148214. Calculate z(74).
-8
Let m(f) = -2*f**3 - 11*f**2 + 639*f + 3146. Calculate m(-5).
-74
Let d(c) = 14*c**2 + 4423*c - 4694. Calculate d(-317).
61
Let j(p) = 802*p**2 + 30491*p + 32. Determine j(-38).
-538
Let x(u) = 34*u**2 - 5433*u - 12156. Calculate x(162).
-6
Let j(o) = -6*o**2 + 230*o + 983. What is j(42)?
59
Let a(s) = -s**3 - 22*s**2 + 8*s + 305. Give a(-10).
-975
Let v(f) = -1320*f + 110960. Determine v(84).
80
Let l(s) = 2*s**3 + 106*s**2 + 1342*s + 394. Calculate l(-20).
-46
Let l(i) = -38*i**2 + 822*i - 66. Give l(22).
-374
Let f(z) = 64*z - 750. What is f(23)?
722
Let q(x) = x**3 - 587*x**2 + 913*x - 191132. Determine q(586).
490
Let b(g) = -13123*g - 288791. Give b(-22).
-85
Let l(o) = -3*o**2 + 1478*o - 8282. Give l(487).
-3
Let k(l) = 182*l**2 - 71*l + 80. What is k(1)?
191
Let c(i) = -i**2 + 320787*i + 1924720. What is c(-6)?
-38
Let y(q) = 2*q**3 - 18*q**2 - 31*q + 58. What is y(9)?
-221
Let f(d) = d**3 + 34*d**2 + 23539*d + 535571. Determine f(-23).
-7
Let l(u) = -u**2 - 32944*u - 658472. What is l(-20)?
8
Let x(k) = -k**3 + 66*k**2 + 129*k + 605. Give x(68).
129
Let i(g) = 4*g**2 + 255*g + 3809. What is i(-20)?
309
Let v(q) = -106756*q + 640785. What is v(6)?
249
Let p(g) = -19*g**2 - 906*g + 3615. What is p(4)?
-313
Let a(h) = 44*h**2 - 72*h - 217. Calculate a(9).
2699
Let y(b) = -54753*b + 547630. Give y(10).
100
Let x(b) = -1838*b - 71157. Determine x(-39).
525
Let b(c) = -3*c**3 - 77*c**2 - 106*c + 345. What is b(-24)?
9
Let g(j) = 2*j**2 - 1107*j + 16680. What is g(538)?
2
Let j(k) = -k**3 - 108*k**2 + 235*k + 1483. Determine j(-110).
-167
Let b(j) = 9*j**3 + 1718*j**2 + 6725*j - 2. Determine b(-4).
10
Let s(w) = -w**3 - 86*w**2 + 2239*w - 44114. Determine s(-110).
-4
Let b(n) = 831*n**2 + 86394*n - 3111. What is b(-104)?
9
Let y(s) = -12*s**3 - 94*s**2 + 3237*s + 25763. Give y(-8).
-5
Let r(c) = -c**2 - 42*c + 414. What is r(19)?
-745
Let z(d) = -d**3 + 18*d**2 + 856*d - 9349. Give z(10).
11
Let r(g) = -g**3 - 123*g**2 - 3072*g + 466. Determine r(-88).
-238
Let d(f) = f**2 - 1359*f + 34663. Give d(26).
5
Let a(b) = -b**2 + 638*b - 79325. Calculate a(169).
-64
Let g(x) = -x**3 - 695*x**2 - 19*x + 29. Determine g(0).
29
Let i(w) = 11*w**3 + 101*w**2 + 195*w + 1594. Give i(-9).
1
Let k(u) = 20*u**3 + 2040*u**2 - 160*u - 16333. Determine k(-102).
-13
Let x(d) = -8*d**2 + 624*d - 8955. Calculate x(19).
13
Let d(y) = 17*y**2 + 1178*y + 370. What is d(-69)?
25
Let y(l) = 109*l - 1234. Determine y(12).
74
Let l(v) = 582*v - 162435. Calculate l(279).
-57
Let u(w) = -51*w**3 + 926*w**2 - 29*w + 45. Calculate u(18).
2115
Let m(u) = 1272*u - 298918. What is m(235)?
2
Let c(j) = -6*j**3 - 368*j**2 - 87*j + 2139. What is c(-61)?
4
Let w(b) = 24653*b**2 + 172564*b - 27. What is w(-7)?
22
Let j(t) = 5371*t - 134275. Calculate j(25).
0
Let n(r) = -5960*r - 709241. Calculate n(-119).
-1
Let y(b) = -230*b + 100512. What is y(437)?
2
Let w(r) = r**3 + 8*r**2 + 17383*r + 104330. Give w(-6).
104
Let h(f) = 648*f + 31792. Determine h(-49).
40
Let s(q) = -2*q**2 + 218*q + 25707. What is s(180)?
147
Let p(x) = -6311*x - 454671. What is p(-72)?
-279
Let d(l) = -259*l + 100497. Give d(389).
-254
Let m(t) = 1692*t + 3730. What is m(-2)?
346
Let z(t) = -10*t**2 + 357*t - 2954. Calculate z(13).
-3
Let n(d) = d**3 + 166*d**2 - 697*d - 2892. Determine n(-170).
-2
Let a(n) = 26597*n - 213658. Calculate a(8).
-882
Let p(l) = -59*l**2 - 728*l - 732. Determine p(-12).
-492
Let t(x) = -2*x**2 - 2117*x - 431925. Give t(-276).
15
Let z(r) = -3*r**3 - 225*r**2 + 241*r + 998. Calculate z(-76).
10
Let p(m) = 91*m + 30145. Calculate p(-332).
-67
Let o(m) = -5*m**3 - 30*m**2 + 196*m - 207. Calculate o(6).
-1191
Let i(o) = 5*o**2 + 64*o + 201. What is i(-15)?
366
Let z(w) = -84489*w + 5407253. Calculate z(64).
-43
Let v(z) = 118*z**2 + 331*z - 106. Calculate v(1).
343
Let b(y) = -78215*y + 13452987. Determine b(172).
7
Let n(a) = a**2 + 823*a + 14243. Calculate n(-18).
-247
Let u(g) = 5*g**3 - 28*g**2 + 386*g - 1958. What is u(5)?
-103
Let c(f) = f**2 + 3757*f + 1392784. Calculate c(-417).
4
Let r(t) = -1851*t - 35868. Calculate r(-19).
-699
Let d(s) = 50722*s + 1572412. Calculate d(-31).
30
Let c(x) = x**3 - 19*x**2 + 989*x - 17607. Determine c(18).
-129
Let r(m) = -2*m**2 - 1935*m + 45569. Give r(23).
6
Let i(r) = 19*r**3 - 14*r**2 + 1253*r - 3753. Calculate i(3).
393
Let v(n) = 9*n**3 - 2*n**2 + 49*n - 89. What is v(2)?
73
Let v(f) = -422*f - 37173. Calculate v(-88).
-37
Let f(j) = -4*j**2 - 164*j - 426. Determine f(-4).
166
Let s(k) = -k**3 + 159*k**2 - 37*k + 5359. Determine s(159).
-524
Let y(x) = -x**2 - 68*x + 6087. Determine y(52).
-153
Let n(f) = 41*f**2 + 266*f - 3. Determine n(-4).
-411
Let n(k) = 2*k**2 - 215*k - 2466202. Determine n(-1058).
-4
Let f(j) = 7*j**2 - 108*j - 558. Determine f(-6).
342
Let g(l) = 380*l**2 - 65*l - 83. Determine g(-2).
1567
Let a(s) = 1528*s + 103913. Determine a(-68).
9
Let i(h) = -520*h**2 + 212159*h + 498. Calculate i(408).
90
Let y(h) = 3*h**2 - 83*h + 621. Give y(14).
47
Let u(d) = 6*d**2 + 6959*d + 6959. What is u(-1)?
6
Let w(b) = -b**2 + 58*b - 238. Give w(53).
27
Let v(i) = i**3 + 139*i**2 - 702*i - 490. Calculate v(-144).
-3082
Let g(y) = -27*y**2 - 7*y - 10. Determine g(2).
-132
Let z(j) = -j**3 + 10*j**2 + 31*j - 87. What is z(7)?
277
Let s(d) = 943*d - 5002. Give s(5).
-287
Let g(f) = 15*f**3 + 406*f**2 + 27*f - 29. What is g(-27)?
-29
Let u(l) = -l**3 - 45*l**2 + 1567*l + 68966. Determine u(-46).
-1000
Let t(j) = -1107*j - 23252. Determine t(-21).
-5
Let r(s) = 3931*s + 72003. Give r(-19).
-2686
Let h(j) = j**2 - 4902*j - 102756. Give h(-21).
627
Let a(o) = o**2 + 107*o - 5535. Calculate a(-145).
-25
Let u(p) = -p**3 + 125*p**2 - 141*p + 2165. What is u(124)?
57
Let z(q) = 7*q**2 - 1086*q - 32763. Determine z(181).
-2
Let a(t) = -10699*t - 267491. Determine a(-25).
-16
Let k(c) = 28*c**2 + 3316*c - 1924. What is k(-119)?
-20
Let d(u) = -297*u - 9571. Determine d(-33).
230
Let i(t) = -2*t**3 - 60*t**2 - 15*t - 171. Give i(-29).
-1418
Let g(u) = 20895*u - 167190. What is g(8)?
-30
Let x(a) = 5780*a - 132931. Determine x(23).
9
Let a(k) = 26*k**2 + 59*k - 765. Calculate a(8).
1371
Let u(o) = 2*o**3 + 35*o**2 - 20*o - 59. Give u(-18).
-23
Let y(n) = -16*n + 1247. Give y(29).
783
Let z(g) = -15221*g + 334838. Give z(22).
-24
Let t(w) = -2220*w + 1041181. Calculate t(469).
1
Let b(a) = -494*a**2 - 3457*a + 21. What is b(-7)?
14
Let i(g) = 1310*g + 103413. Calculate i(-79).
-77
Let z(d) = -d**2 - 34*d + 4357. Determine z(49).
290
Let b(h) = -14*h**3 - 227*h**2 + 23*h + 1133. Determine b(-16).
-3
Let g(p) = 21614*p + 153646. What is g(-7)?
2348
Let y(m) = 6100*m + 85392. Give y(-14).
-8
Let u(j) = -33*j**2 - 143*j + 776. Calculate u(5).
-764
Let m(x) = 137*x + 168. Give m